mainder when 1425034 is divided by 5316.
346
Calculate the remainder when 11687850 is divided by 2281.
6
Calculate the remainder when 6810997 is divided by 962.
37
What is the remainder when 489936 is divided by 489923?
13
Calculate the remainder when 607868 is divided by 55256.
52
Calculate the remainder when 650908 is divided by 162617.
440
Calculate the remainder when 108521008 is divided by 54260481.
46
Calculate the remainder when 22462794 is divided by 353.
345
What is the remainder when 9257879 is divided by 10?
9
What is the remainder when 253585 is divided by 25308?
505
Calculate the remainder when 518963 is divided by 11911.
6790
Calculate the remainder when 98900 is divided by 132.
32
What is the remainder when 3802233 is divided by 889?
869
Calculate the remainder when 373898842 is divided by 82.
80
What is the remainder when 87630 is divided by 2323?
1679
What is the remainder when 20866465 is divided by 1878?
7
What is the remainder when 4340288 is divided by 114215?
118
What is the remainder when 1362623 is divided by 681270?
83
What is the remainder when 2432659 is divided by 2706?
2671
What is the remainder when 1363104 is divided by 944?
912
Calculate the remainder when 15139622 is divided by 3907.
3904
Calculate the remainder when 567845948 is divided by 122.
120
Calculate the remainder when 1913240 is divided by 573.
566
Calculate the remainder when 17205131 is divided by 29870.
11
What is the remainder when 709681 is divided by 70967?
11
What is the remainder when 6319215 is divided by 175532?
63
Calculate the remainder when 2651012 is divided by 889.
14
What is the remainder when 1004472636 is divided by 7?
6
What is the remainder when 43924 is divided by 6268?
48
Calculate the remainder when 7568363 is divided by 85.
48
Calculate the remainder when 112415 is divided by 5990.
4595
Calculate the remainder when 547166 is divided by 21041.
100
What is the remainder when 24645 is divided by 22884?
1761
Calculate the remainder when 1582800 is divided by 791358.
84
Calculate the remainder when 3140493 is divided by 29.
25
Calculate the remainder when 19430546 is divided by 18.
14
Calculate the remainder when 10650 is divided by 5738.
4912
What is the remainder when 11983269 is divided by 704896?
37
What is the remainder when 20593587 is divided by 1076?
23
What is the remainder when 59369 is divided by 4491?
986
What is the remainder when 882736 is divided by 3268?
376
What is the remainder when 1463130 is divided by 731501?
128
Calculate the remainder when 7796875 is divided by 10997.
2
What is the remainder when 14573923 is divided by 184?
19
Calculate the remainder when 3542342 is divided by 129.
2
What is the remainder when 4438222 is divided by 1428?
1426
Calculate the remainder when 6302799 is divided by 3219.
3216
What is the remainder when 41317402 is divided by 295?
292
Calculate the remainder when 22107 is divided by 5338.
755
What is the remainder when 1164926 is divided by 12943?
56
What is the remainder when 111352077 is divided by 2318?
2311
Calculate the remainder when 43246842 is divided by 71.
32
What is the remainder when 82825 is divided by 81235?
1590
Calculate the remainder when 11970978 is divided by 65415.
33
Calculate the remainder when 15833388 is divided by 143.
142
Calculate the remainder when 5075348 is divided by 691.
644
What is the remainder when 7293360 is divided by 495?
30
Calculate the remainder when 196075121 is divided by 98037558.
5
What is the remainder when 83088814 is divided by 68?
22
Calculate the remainder when 947904 is divided by 189576.
24
Calculate the remainder when 548448 is divided by 3149.
522
What is the remainder when 4666 is divided by 2036?
594
Calculate the remainder when 2116998 is divided by 23.
9
What is the remainder when 16101513 is divided by 2096?
41
Calculate the remainder when 121642948 is divided by 1325.
1323
What is the remainder when 342220 is divided by 3269?
2244
Calculate the remainder when 46187 is divided by 775.
462
Calculate the remainder when 10471367 is divided by 5381.
5322
Calculate the remainder when 1011450 is divided by 10024.
9050
What is the remainder when 39560 is divided by 3040?
40
Calculate the remainder when 38756837 is divided by 262.
225
What is the remainder when 161893 is divided by 161566?
327
What is the remainder when 7629972 is divided by 4037?
42
What is the remainder when 4692348 is divided by 112?
108
What is the remainder when 513750687 is divided by 114?
111
Calculate the remainder when 25094037 is divided by 408.
405
What is the remainder when 9260063 is divided by 111?
110
Calculate the remainder when 11757262 is divided by 11757239.
23
Calculate the remainder when 42137495 is divided by 71.
60
Calculate the remainder when 857103996 is divided by 2111.
2109
Calculate the remainder when 92556 is divided by 6824.
3844
What is the remainder when 163324 is divided by 1484?
84
Calculate the remainder when 1796586 is divided by 2445.
1956
Calculate the remainder when 175903 is divided by 11632.
1423
What is the remainder when 194859 is divided by 4344?
3723
Calculate the remainder when 51464832 is divided by 266657.
31
What is the remainder when 8681536 is divided by 5183?
11
What is the remainder when 11053589 is divided by 15?
14
What is the remainder when 526576 is divided by 30973?
35
Calculate the remainder when 472474 is divided by 236127.
220
What is the remainder when 7085 is divided by 5462?
1623
Calculate the remainder when 40431307 is divided by 10.
7
What is the remainder when 9397864 is divided by 1174?
1168
What is the remainder when 23707535 is divided by 53?
52
Calculate the remainder when 11758423 is divided by 11758417.
6
Calculate the remainder when 29528 is divided by 114.
2
What is the remainder when 9184920 is divided by 1601?
1584
What is the remainder when 5895502 is divided by 17138?
30
Calculate the remainder when 476078585 is divided by 677.
676
Calculate the remainder when 384367076 is divided by 1181.
1178
Calculate the remainder when 881172 is divided by 293650.
222
Calculate the remainder when 16305 is divided by 4031.
181
What is the remainder when 1806180 is divided by 3480?
60
What is the remainder when 87358737 is divided by 41?
37
Calculate the remainder when 1076753 is divided by 91.
41
What is the remainder when 151625652 is divided by 50541884?
0
What is the remainder when 34300575 is divided by 1291?
1287
What is the remainder when 60822 is divided by 1900?
22
What is the remainder when 28235953 is divided by 105358?
9
What is the remainder when 64018460 is divided by 95836?
12
Calculate the remainder when 263696 is divided by 11581.
8914
Calculate the remainder when 31178697 is divided by 1010.
1007
Calculate the remainder when 5013903 is divided by 43.
17
Calculate the remainder when 1985635 is divided by 167.
5
What is the remainder when 82711 is divided by 5714?
2715
What is the remainder when 4212911 is divided by 474?
473
Calculate the remainder when 1116487 is divided by 279118.
15
What is the remainder when 673050 is divided by 672986?
64
Calculate the remainder when 362430 is divided by 331.
316
What is the remainder when 136992 is divided by 18?
12
What is the remainder when 2074100 is divided by 2376?
2228
What is the remainder when 6912568 is divided by 4913?
4890
What is the remainder when 63638965 is divided by 1136410?
5
What is the remainder when 899098 is divided by 1550?
98
Calculate the remainder when 48958 is divided by 1439.
32
What is the remainder when 14489609 is divided by 1995?
1919
Calculate the remainder when 59425 is divided by 11768.
585
Calculate the remainder when 240476666 is divided by 9.
5
Calculate the remainder when 37529968 is divided by 470.
468
Calculate the remainder when 27650 is divided by 1110.
1010
What is the remainder when 18636384 is divided by 33?
30
What is the remainder when 97219 is divided by 19435?
44
What is the remainder when 3755240 is divided by 144432?
8
What is the remainder when 4201509 is divided by 71212?
1
Calculate the remainder when 103683436 is divided by 13.
12
What is the remainder when 44447978 is divided by 4?
2
What is the remainder when 69649 is divided by 5282?
983
What is the remainder when 2938856 is divided by